 + 54 = i*o. What are the prime factors of o?
2, 5
Let c(y) = y**3 + 5*y**2 - 7*y - 5. Let a be c(-5). Suppose 5*x + a = 165. What are the prime factors of x?
3
Suppose 71 = 4*j + 19. List the prime factors of j.
13
Suppose -4*m = -7*m. Suppose 3*q + m*q = 48. What are the prime factors of q?
2
Let g be (-1)/3*72/(-4). What are the prime factors of 2 + -2 + -1 + g?
5
Let z(l) = l - 7. Let f be z(10). Let a be (-42)/4*(-2)/f. Let s = 10 - a. What are the prime factors of s?
3
Let g(l) be the first derivative of -l**2 + 19*l - 8. What are the prime factors of g(-14)?
47
Let x(u) be the third derivative of 5*u**4/12 - u**3/6 + u**2. What are the prime factors of x(1)?
3
Let t(r) = r**2 + 8*r. Let i be t(-8). Suppose 4*f + i*f = 4. Let b(y) = 9*y**2 + 1. List the prime factors of b(f).
2, 5
Suppose -x - 2 = 0, -2*b - 4 - 8 = 5*x. Let m be (-6)/((-9)/(-12)*-2). Let w = b + m. What are the prime factors of w?
3
What are the prime factors of (6/10)/((-5)/(-25))?
3
Suppose 0 = t + 2, 0 = -4*g + 3*t + 2*t + 202. What are the prime factors of g?
2, 3
Suppose -g + 46 = 3*c, -5*c + 6*g = g - 70. Let f(l) = l**2 - 7*l + 2. Let t be f(6). Let h = t + c. List the prime factors of h.
11
Suppose 3*x + 4*g = 2*x - 16, -5*x - 20 = 5*g. Suppose -2*d + 16 = 5*r, -r + 0*d - 2*d = x. List the prime factors of r.
2
Suppose 26 = 4*c - 66. What are the prime factors of c?
23
Let x = 44 - 7. List the prime factors of x.
37
Let p(k) = -k**2 - k - 11. Let h be p(0). Let s = -3 + -13. Let d = h - s. List the prime factors of d.
5
Let d = 2 + -1. Let o be (1 - d)/((-4)/4). Let r = 19 + o. List the prime factors of r.
19
Let q be ((-588)/(-14))/((-6)/(-4)). What are the prime factors of (-7)/(q/16) - -14?
2, 5
Let n be -1 - 1*-1*1. Let q(a) be the second derivative of a**5/20 - a**3/6 + 4*a**2 + 18*a. List the prime factors of q(n).
2
List the prime factors of (-632)/(-40) - 2/(-10).
2
Suppose 2*k - 26 - 32 = 0. List the prime factors of k.
29
Let a(t) be the first derivative of -t**2/2 + 5*t - 2. Let o be a(4). What are the prime factors of (9/(-12))/(o/(-12))?
3
Let a(s) = s**3 + s**2 - s + 15. Suppose 2*f - b = -f - 17, 3*b = 15. Let u be (-10)/(-20) + 2/f. List the prime factors of a(u).
3, 5
Suppose -v = -o + 2, 6 - 2 = 2*v. Suppose -4*k - i + 42 = 0, -5*i + 16 = o*k - 18. List the prime factors of k.
11
Let l be (-36)/(-30)*10/4. List the prime factors of ((-1)/(-2))/(l/54).
3
Suppose -2*p - 43 = -g, -2*g = 5*p - 94 - 1. Suppose -3*b + g = 2*b. What are the prime factors of b?
3
Let s(n) = -4*n + 2. Let b = 15 - 8. Let d be s(b). Let a = d + 37. What are the prime factors of a?
11
Suppose -63 = -4*r - 203. Let s = r - -58. What are the prime factors of s?
23
Suppose -10 = -2*w - 0*w. Suppose -w*v = -v. Suppose v = 3*p - 2*s - 40, 0 = -p - 3*s - 5. What are the prime factors of p?
2, 5
Suppose 0 = -5*n + 2*n + 5*x - 57, 82 = -5*n + 4*x. Let r = -6 - n. What are the prime factors of r?
2
Let t(v) = v**2 + 7*v. Let h be t(-8). List the prime factors of (4/h)/((-2)/(-40)).
2, 5
Suppose -5*d - l - l = -42, -10 = d + 5*l. What are the prime factors of d?
2, 5
Let i be 4 + -2 - 3*2. Let q be (0 + i)*38/(-8). Suppose z = -4*p - 2*z + q, -4*p + 4*z + 12 = 0. List the prime factors of p.
2
Let y(a) = 3*a - 6. Let b be y(4). Suppose -b = -3*s - 45. List the prime factors of (-1)/4 - s/4.
3
Let z = 11 + -9. Suppose -25 + 7 = -z*p. List the prime factors of p.
3
Let l(y) = y**2 + 6*y + 5. Suppose 0*q = 4*q - p + 21, -3*p + 3 = 0. Let g be l(q). What are the prime factors of 13 - g/(6/(-3))?
13
Let q be (-2)/(-1 - (3 - 3)). Let s(z) = 2*z**2 + 3*z - 1. List the prime factors of s(q).
13
Let m = 61 - 49. What are the prime factors of m?
2, 3
Suppose 2*r = -3*r + 155. Let w = 43 - r. List the prime factors of w.
2, 3
Let k(s) = -s**3 - 12*s**2 + 12*s - 10. What are the prime factors of k(-13)?
3
Let o = -9 - -14. Suppose -6 = -o*m - q + 126, 3*m - 2*q = 74. Let b = m - 8. What are the prime factors of b?
2, 3
Let s(w) = w**3 + 7*w**2 - 9*w - 8. Let j = -5 - 3. Let m be s(j). Suppose m = i - 2 - 0. What are the prime factors of i?
2
Let n(q) = -q**3 + 5*q**2 + 3*q - 3. What are the prime factors of n(5)?
2, 3
Suppose 19 = 4*b - 0*f + 3*f, -3*b = 2*f - 14. Suppose s - 6*s = -5*k - 65, -46 = b*k - s. Let z = 22 + k. What are the prime factors of z?
11
Let p = -6 - -8. Suppose 5*g - p*g - 6 = 0. Suppose k - 6 = -g. List the prime factors of k.
2
Let z be 1/4 + (-93)/(-12). Let o = z - 0. List the prime factors of o.
2
Let i(y) = -2*y - 1 + 2 - 1. List the prime factors of i(-3).
2, 3
Let d(r) = 38*r - 3. Let b be d(2). Suppose 2*l = -5*x + 73, -3*l = -2*x + 11 - b. What are the prime factors of l?
2, 3
What are the prime factors of 18/(-15)*135/(-6)?
3
Suppose 4*l - 4*f - 472 = 0, 5*l - 572 = 6*f - 7*f. What are the prime factors of l?
5, 23
Let s = 35 - -1. List the prime factors of s.
2, 3
Suppose 3*a - 5*q - 3 - 27 = 0, q = -3. Suppose o - 2 = 2*g + 9, 0 = a*o - 2*g - 95. List the prime factors of o.
3, 7
Suppose 0 = -r - r. Suppose 0*m - 2*m = -2*n - 6, 9 = 3*m + 3*n. What are the prime factors of r + m + -2 + 4?
5
Let q(o) = -o**3 - 3*o**2 - o + 2. Let s be q(-3). Suppose -5*u + 10*u - 20 = -5*p, 5*u + 10 = s*p. List the prime factors of -2*p/2*-1.
3
Let a = -26 - -38. List the prime factors of a.
2, 3
Let i(k) = k**2 - 26*k - 14. What are the prime factors of i(30)?
2, 53
Suppose 21 - 205 = -4*l. What are the prime factors of l?
2, 23
Suppose h + 3*r + 151 = 3*h, 5*r - 15 = 0. Suppose 3*q + q = h. Suppose q = 5*d - 5. What are the prime factors of d?
5
Suppose s - 6*s - 1190 = 0. What are the prime factors of s/(-18) + 2/(-9)?
13
Suppose 9*h - 785 = 4*h. List the prime factors of h.
157
Suppose -6*q - 3*a - 7 = -5*q, q - 5 = 3*a. List the prime factors of 3 + (-4 + -10)*q.
17
List the prime factors of ((-5)/10)/(2/(-284)).
71
Suppose 4*d + 126 = 2*h + d, 4*h - 3*d - 252 = 0. What are the prime factors of h?
3, 7
Let x(l) = 3*l - 5. Let w be x(5). Let g = w - 4. Suppose q - g*q = -30. What are the prime factors of q?
2, 3
Let g be ((-22)/4)/(8/(-48)). Suppose -d = -2*m + g - 205, -d + 164 = 2*m. List the prime factors of 1/(-2)*d/(-7).
2, 3
Suppose 5*r = -0*r + 865. What are the prime factors of r?
173
Let u = -9 - -1. Let m be (-12)/10*(-11 - -1). Let d = m + u. List the prime factors of d.
2
What are the prime factors of (1 + 1)*30/12?
5
Suppose -3*f + f + 114 = 0. List the prime factors of f.
3, 19
Let x(r) = r**3 + 7*r**2 + 4*r - 7. List the prime factors of x(-5).
23
Let b(o) = o**3 + o**2 - o + 36. Let f be b(0). Suppose -10 + f = 2*m. List the prime factors of m.
13
Suppose 5 = 5*g + 5*v, 4*g - g - 7 = v. Suppose -7*x = -g*x - 105. What are the prime factors of x?
3, 7
Suppose -3*z = 0, 4*w - 3*z - 80 - 652 = 0. What are the prime factors of w?
3, 61
Let i(h) = -h**2 - h + 4. What are the prime factors of i(0)?
2
Let i = -84 - -184. What are the prime factors of i?
2, 5
Suppose -2*n = 3*a - 0*a - 15, -2*n - a = -9. Suppose 0 = -n*c + 2*m + 3*m, 0 = -4*c - m. Suppose c = 3*b - 4*b + 3. List the prime factors of b.
3
Suppose 3*p - 3 = 2*c - 4*c, -5*p = -4*c - 27. Suppose -p*q + 6 = -6. Let t = 12 - q. List the prime factors of t.
2
Let j = 8 + -5. Suppose 4*m = -i - 1 - 3, -3*m = -j. List the prime factors of (12/i)/(6/(-20)).
5
Let f(v) be the third derivative of v**4/3 - 19*v**3/6 + 8*v**2. What are the prime factors of f(6)?
29
Let l be (3 + -4)/1*2. List the prime factors of l + (-8)/(-12)*39.
2, 3
Let b(x) be the first derivative of -x**4/4 - 7*x**3/3 - 7*x**2/2 - 9*x + 2. Let r be b(-6). Let u = 14 + r. What are the prime factors of u?
11
Let r(f) = -12*f**3 - 2*f**2 - 4*f - 3. Let l be r(-2). Suppose y = -2*y + l. What are the prime factors of y?
31
Let c(k) = -k - 1. Let q(i) = i**2 - 6*i - 5. Let s(h) = c(h) + q(h). Let y = 24 + -16. What are the prime factors of s(y)?
2
Suppose r + 2*r - 57 = 0. Suppose 12 = -4*s, 2*n - 6*s = -s + r. Suppose n*k + 0*k - b = 17, 5*b = 5*k - 35. List the prime factors of k.
2, 5
Suppose 0 = 3*o - g - 218, -156 = -0*o - 2*o - 2*g. What are the prime factors of o?
2, 37
Suppose -5*n - 35 = -3*j + 23, 2*n = -10. Let h = 13 + j. What are the prime factors of h?
2, 3
Let d = 54 + -13. List the prime factors of d.
41
Let q(o) = 3*o**3 - o